Let g(y) = 3*r(y) - 8*z(y). Give g(8).
-11
Let n = 2475 + -2467. Let s(x) = x**3 - 6*x**2 - 3*x - 16. Determine s(n).
88
Let s(r) = -r**2 + 10*r - 2. Suppose 7*u - 94 = -38. Calculate s(u).
14
Let h(f) = -12*f - 137. Let n be (8 - 130/20)*(-3)/9*22. Determine h(n).
-5
Let b(q) be the first derivative of 5*q**2/2 + 13*q + 14. Let s(n) = -2*n - 6. Let k(y) = 3*b(y) + 5*s(y). Let j be -5 + 2 + 2 + -6. Determine k(j).
-26
Let n(k) = 47*k + 8. Let r(l) = 35*l + 9. Let c(s) = 3*n(s) - 4*r(s). Let v = 21 - 16. Determine c(v).
-7
Let r(g) be the first derivative of -4*g**2 - 5*g + 2306. Give r(1).
-13
Let q(s) = 137*s**2 - 268*s**2 + 0 - 2 - 5*s + 132*s**2 + 1. What is q(7)?
13
Suppose -3557 = -5*a - 2*z - 780, -2*z - 1663 = -3*a. Let v(p) = p - a + 555 - 7*p**2. Calculate v(1).
-6
Let r(d) be the first derivative of -11*d**2/2 - 138*d - 3897. Determine r(-13).
5
Let b = 13684 - 13687. Let m(o) = 4*o**2 - 4*o - 24. Give m(b).
24
Let u(c) = -c**3 + 3*c**2 + 11*c + 6. Let r be ((-5)/(-8))/(199/1592). What is u(r)?
11
Let w(q) = -q**2 + 56*q + 26. Let r(b) = b**2 - 61*b - 28. Let d(s) = -10*r(s) - 11*w(s). Determine d(-1).
1
Let q(k) = -k**3 - 13*k**2 + 17*k + 44. Let u be q(-14). Let d(z) = -8712 - 3*z**3 + 8714 + z**u + 2*z**2 - 4*z. Calculate d(2).
-18
Let z(p) = -p**2 - 4*p + 9. Let f be z(0). Suppose 10*l - 9*l = f. Let h(s) = -2*s + 11. Determine h(l).
-7
Let n = 15084 + -15088. Let h(c) = 2*c**3 + 6*c**2 - 12*c - 18. Calculate h(n).
-2
Let n(b) = -26*b**3 + b**2 - b - 1. Let h(z) = 52*z + 103. Let v be h(-2). Determine n(v).
27
Let i(q) = 7*q**3 + 7*q**2 - 11*q - 11. Let k(w) = -16*w**3 - 11*w**2 + 20*w + 23. Let p(v) = -7*i(v) - 3*k(v). What is p(-17)?
8
Let w(z) = -z**3 + z**2 + 4*z. Suppose 3*l - 6 = -25*l - 62. Determine w(l).
4
Let i be (585/104)/(9/24). Let f(o) = o**3 - 12*o**2 - 46*o + 12. What is f(i)?
-3
Let q(s) = 161 + 5*s + 2*s - 257 + 130. What is q(-5)?
-1
Let y(s) be the third derivative of -s**4/24 - 11*s**3/6 - 1289*s**2. Calculate y(13).
-24
Let k(q) = -27 - q + q + 4*q + q. Let t be k(7). Suppose t = -0*f - 2*f. Let a(r) = -r**2 - 3*r + 4. What is a(f)?
0
Let k(c) be the third derivative of 0 + 0*c - 1/12*c**4 + 1/2*c**3 + c**2. Let u(r) = r**2 - 18*r - 60. Let f be u(21). What is k(f)?
-3
Let h(o) = -o**2 - 3*o + 10. Let z(q) = -2*q**2 - 8*q + 21. Let f(r) = -3*h(r) + z(r). Let p be 0*(2 + -1 + 0/(-2)). What is f(p)?
-9
Let p(a) = -3*a - 6 - 3*a**2 - 2 + 11. Suppose -10 = -2*i - 4*f, i = 4*f - 59 + 40. Calculate p(i).
-15
Let p(h) be the second derivative of 0 - 1/6*h**3 + 0*h**4 + 1/20*h**5 - 47*h - h**2. Let x(u) = u**2 - u. Let q be x(0). Determine p(q).
-2
Let g be ((-10)/(200/30))/(3/(-28)). Suppose -g*w + 27*w - 117 = 0. Let b(z) = -z**2 + 8*z. Determine b(w).
-9
Let m(x) = -x**3 + 3*x**2 + 2*x + 1. Let y be 14/(-18) + 2/(-9). Let t(n) = n**3 - n**2 + n + 1. Let u(d) = y*t(d) + m(d). Let g = -51 + 54. What is u(g)?
-15
Let z(s) = 4*s - 12 + 6 + 7. Let p be 10/(-55) - 18/22 - -3. Determine z(p).
9
Let p(k) = 11*k**2 - 47*k + 70. Let v(g) = -12*g**2 + 46*g - 72. Let b(u) = -11*p(u) - 10*v(u). Determine b(56).
6
Let h(i) = -4*i - 4. Let u(t) = -t**3 + 25*t**2 - 50*t + 94. Let n be u(23). Let p be 22/(-22)*(1 - (n - -1)). Give h(p).
-12
Let z(u) = -7 + 2 + 4*u + 13 + 17*u - 4. What is z(1)?
25
Suppose -1 + 7 = -2*i. Let x(m) be the third derivative of m**4/12 - 17*m**2 + 2. Let a(r) = -4*r - 1. Let z(l) = -a(l) - 5*x(l). Give z(i).
19
Let z(c) be the third derivative of -1/6*c**4 + 1/60*c**5 + 0*c + 0 + 1/6*c**3 + 2*c**2. Let r = -161374 - -161379. Calculate z(r).
6
Let a(b) = 10*b**3 + 16*b**2 + 5*b - 6. Let c(l) = -7*l**3 - 14*l**2 - 6*l + 7. Let s(z) = 2*a(z) + 3*c(z). Let j = -29 + 20. Give s(j).
0
Let i = 6451 - 6452. Let w(k) = 3 + 3 - 7 - 10*k**2. What is w(i)?
-11
Let c(k) = -4*k**2 + k + 2. Let h(m) = 70*m**2 - 24*m - 35. Let n(r) = -17*c(r) - h(r). Let o be ((-6)/9)/(4/(-30)). Suppose 0 = -o*d + 26 - 1. Give n(d).
-14
Let c = 30 + 6. Let b be 2/(-4) + (-90)/c. Let k(z) = -z + 2. Let f(j) = -7*j + 14. Let r(p) = -f(p) + 5*k(p). Determine r(b).
-10
Suppose 4*p + 12 = -4*v - 76, -17 = p + 2*v. Let z(w) = -w**2 - 28*w - 42. Let t be z(p). Let y(k) = k**3 + 16*k**2 + 14*k - 16. Give y(t).
-1
Let x(l) = -2*l**3 - 13*l**2 - 15*l. Suppose 0 = -6*n + 18209 - 18239. What is x(n)?
0
Suppose 7 = 5*l - 4*f, -876*f = 3*l - 880*f - 1. Let i(x) = 11*x**2 - 10*x + 1. Give i(l).
70
Let q(a) = 2*a**2 - 2*a. Let t(o) = -9*o**2 + 9*o - 2. Suppose 0 = 5*b - 5*i - 15, -6*b - 5 = -7*b + 2*i. Let g(m) = b*t(m) + 4*q(m). Give g(7).
-44
Let u = 220 + -232. Let g be 2/3*u + 7 + -1. Let x(s) = 4*s**2 - 3. Determine x(g).
13
Let i(p) = -p**2 + 62*p + 60. Let z(m) = -4*m**2 + 258*m + 240. Let j(w) = -25*i(w) + 6*z(w). Determine j(-6).
-12
Let n(t) = -6*t**2 - 9*t - 10. Let c(o) = 2*o**2 + 213*o + 1391. Let m be c(-7). Calculate n(m).
-16
Let a = -375 + 385. Let t be 9*(0 + 1) - -2. Let o(v) = 2 - 19*v + v**3 - t*v**2 - 9*v + 38*v. Calculate o(a).
2
Let t(a) be the third derivative of -a**4/12 - 3*a**3/2 - 18*a**2 - 3. Let w(v) = -2*v - 11. Let g(l) = 5*t(l) - 4*w(l). Calculate g(3).
-7
Let i(x) = -5*x**2 + 12*x**2 + 7*x**2 - 13*x**2 + 3*x + 2. What is i(5)?
42
Suppose 5*f - 9 = 2*i, 12*f = 16*f + 5*i - 27. Let z(k) = f - 3*k - 7 + 0 + 1 + 1. Calculate z(-5).
13
Suppose 4*a + a - 25 = 0. Let x(v) = -3*v - 24. Let y(l) be the first derivative of -2*l**2 - 36*l - 335. Let k(j) = a*y(j) - 7*x(j). Give k(10).
-2
Let f(j) = j**2 - 23*j + 43. Let x = -20 + 34. Let w be (-2 + x)/(-6)*(-42)/4. Let a be f(w). Let m(s) = 3*s. Give m(a).
3
Suppose 15*v = 9*v. Let a(u) be the first derivative of u**4/4 - u**3/3 + 14*u - 274. Give a(v).
14
Let v(r) = 17*r + 2. Suppose -2*w = i - 50 + 45, w + 5*i = -20. Let k(f) = -27*f - 3. Let y(s) = w*k(s) + 8*v(s). Let g = 10 - 5. Determine y(g).
6
Let x = 48 - 173. Let q = x - -123. Let u(v) = 2*v - 3. What is u(q)?
-7
Let y(c) = c**3 - 5*c**2 + 2*c + 3. Suppose -47 + 59 = j. Let x be (6/4)/(6/j). What is y(x)?
-9
Suppose 0 = j + 3*a - 14, 4*a - 19 = -4*j + 5. Let f(n) = 3*n**3 + 60 + 6*n**j + n**2 - 66 + 2*n - 4*n**3. Determine f(7).
8
Suppose 16 = r - 0*w + 4*w, -2*w = r - 6. Let k(c) = 5*c**2 + 2*c - 2. Let n(a) = 2*a**2 - 1. Let b(l) = 3*k(l) - 7*n(l). Calculate b(r).
-7
Let x(l) = 8*l**2. Let t(o) = 49*o**2 - 17*o - 62. Let j(n) = -t(n) + 6*x(n). Calculate j(-3).
2
Let f(m) be the second derivative of -m**5/10 + 31*m**4/12 - 10*m**3/3 + 34*m**2 + 1218*m + 2. Give f(15).
-7
Let q(y) = -3*y + 16. Let k(c) = -11*c + 50. Let u(j) = -2*k(j) + 7*q(j). Let o = -110 + 106. What is u(o)?
8
Let m(k) = 14*k**2 + 8*k - 8. Let j(h) = -9*h**2 - 5*h + 5. Let u(x) = -8*j(x) - 5*m(x). Suppose -28*v - 25*v + 110 = 2*v. What is u(v)?
8
Suppose 4*u + 22 = -h + 45, -5*h = -4*u - 19. Let p(j) = -j**3 + 7*j**2 + j + 9. Determine p(h).
16
Let b(x) = 22*x - 1. Let q(z) = -19*z. Suppose -25 = -5*y - 0. Let h(f) = y*q(f) + 4*b(f). Give h(4).
-32
Let j(h) be the first derivative of -17 + h + 1/2*h**2. Give j(-7).
-6
Let s be (72/(-28))/(848/448 - 2). Let m(o) be the first derivative of -s - o**2 - 1/3*o**3 + 2*o. Give m(-2).
2
Let r = -15799 - -15796. Let j(a) = 13*a + 8. Determine j(r).
-31
Let k(i) = -4*i + 20. Let j(n) = -4*n**2 - 179*n + 50. Let t be j(-45). Give k(t).
0
Let q(d) be the first derivative of 3*d**4/2 - d**3 + 5*d**2/2 - 13*d - 1. Let m(y) = 2*y**3 - y**2 + 2*y - 5. Let f(b) = -8*m(b) + 3*q(b). Calculate f(2).
11
Let u = 2 - 7. Let g(t) = t**3 + 8*t**2 - 20*t + 7. Let r be g(-10). Let w(m) = m**2 - r - 303*m + 153*m + 153*m. What is w(u)?
3
Let i(j) = 35*j**2 + 30*j - 6. Let g(y) = 17*y**2 + 14*y - 3. Let v(k) = -11*g(k) + 5*i(k). Calculate v(1).
-13
Let q(k) = 89*k**3 - 59*k**2 - 25*k + 108. Let c(o) = -41*o**3 + 29*o**2 + 13*o - 54. Let y(i) = -13*c(i) - 6*q(i). Calculate y(-22).
-12
Suppose -3*l - l + 10 = 2*h, -2*l = -6. Let s be 23 + (-1)/h*-2. Suppose -6*z + 9 = -s. Let d(f) = -2*f**2 + 8*f - 7. Determine d(z).
-17
Suppose 0 = -28*q - 47690 + 48026. Let a(j) = -7*j + 17. Let d(p) = -6*p + 16. Let c(m) = 5*a(m) - 6*d(m). What is c(q)?
1
Let l(g) = 51*g + 50*g - 5 - 171*g + 65*g. Give l(1).
-10
Let u(b) = -16*b - 1. Let g(l) = -7*l. Let f be 0/((-42)/6) + -7. Let i(w) = f*g(w) + 3*u(w). Calculate i(3).
0
Suppose 4*h -